{"id":192,"date":"2013-07-11T12:37:20","date_gmt":"2013-07-11T12:37:20","guid":{"rendered":"http:\/\/druzai.sustok.lt\/?page_id=192"},"modified":"2013-10-01T20:27:11","modified_gmt":"2013-10-01T20:27:11","slug":"kontaktai","status":"publish","type":"page","link":"http:\/\/druzai.lt\/?page_id=192","title":{"rendered":"Kontaktai"},"content":{"rendered":"<p>&nbsp;<\/p>\n<table width=\"100%\" border=\"0\" cellspacing=\"0\" cellpadding=\"0\">\n<tbody>\n<tr>\n<td valign=\"top\"><img loading=\"lazy\" class=\"alignleft\" alt=\"\" src=\"http:\/\/druzai.lt\/wp-content\/themes\/bs\/images\/feedback\/geo.png\" width=\"32\" height=\"32\" \/>Sod\u017eiaus 10, Dru\u017e\u0173 kaimas, \u0160irvint\u0173 raj. LT &#8211; 19105<br \/>\n\u0160irvint\u0173 raj.<br \/>\nVilniaus apskritis<br \/>\nLT -19105<br \/>\nLietuva<\/td>\n<\/tr>\n<\/tbody>\n<\/table>\n<p>&nbsp;<\/p>\n<table width=\"100%\" border=\"0\" cellspacing=\"0\" cellpadding=\"0\">\n<tbody>\n<tr>\n<td valign=\"center\"><img loading=\"lazy\" class=\"alignleft\" alt=\"\" src=\"http:\/\/druzai.lt\/wp-content\/themes\/bs\/images\/feedback\/mail.png\" width=\"32\" height=\"32\" \/>druzubendruomene@gmail.com<\/td>\n<\/tr>\n<\/tbody>\n<\/table>\n<p>&nbsp;<\/p>\n<table width=\"100%\" border=\"0\" cellspacing=\"0\" cellpadding=\"0\">\n<tbody>\n<tr>\n<td valign=\"center\"><img loading=\"lazy\" class=\"alignleft\" alt=\"\" src=\"http:\/\/druzai.lt\/wp-content\/themes\/bs\/images\/feedback\/phone.png\" width=\"32\" height=\"32\" \/>8 382 47711<br \/>\n8 600 18470<\/td>\n<\/tr>\n<\/tbody>\n<\/table>\n","protected":false},"excerpt":{"rendered":"<p>&nbsp; Sod\u017eiaus 10, Dru\u017e\u0173 kaimas, \u0160irvint\u0173 raj. LT &#8211; 19105 \u0160irvint\u0173 raj. Vilniaus apskritis LT -19105 Lietuva &nbsp; druzubendruomene@gmail.com &nbsp; 8 382 47711 8 600 18470<\/p>\n","protected":false},"author":2,"featured_media":0,"parent":0,"menu_order":38,"comment_status":"closed","ping_status":"closed","template":"","meta":[],"_links":{"self":[{"href":"http:\/\/druzai.lt\/index.php?rest_route=\/wp\/v2\/pages\/192"}],"collection":[{"href":"http:\/\/druzai.lt\/index.php?rest_route=\/wp\/v2\/pages"}],"about":[{"href":"http:\/\/druzai.lt\/index.php?rest_route=\/wp\/v2\/types\/page"}],"author":[{"embeddable":true,"href":"http:\/\/druzai.lt\/index.php?rest_route=\/wp\/v2\/users\/2"}],"replies":[{"embeddable":true,"href":"http:\/\/druzai.lt\/index.php?rest_route=%2Fwp%2Fv2%2Fcomments&post=192"}],"version-history":[{"count":31,"href":"http:\/\/druzai.lt\/index.php?rest_route=\/wp\/v2\/pages\/192\/revisions"}],"predecessor-version":[{"id":2261,"href":"http:\/\/druzai.lt\/index.php?rest_route=\/wp\/v2\/pages\/192\/revisions\/2261"}],"wp:attachment":[{"href":"http:\/\/druzai.lt\/index.php?rest_route=%2Fwp%2Fv2%2Fmedia&parent=192"}],"curies":[{"name":"wp","href":"https:\/\/api.w.org\/{rel}","templated":true}]}}