{"id":18,"date":"2013-07-11T09:47:29","date_gmt":"2013-07-11T09:47:29","guid":{"rendered":"http:\/\/druzai.sustok.lt\/?page_id=18"},"modified":"2013-07-19T07:09:40","modified_gmt":"2013-07-19T07:09:40","slug":"himnas","status":"publish","type":"page","link":"http:\/\/druzai.lt\/?page_id=18","title":{"rendered":"Himnas"},"content":{"rendered":"<p><strong>Dru\u017e\u0173 kaimo himnas<\/strong><\/p>\n<p><em>\u017dod\u017eiai : Virginos Bilotien\u0117s, muzika: Audron\u0117s Burakovien\u0117s<\/em><\/p>\n<p>M\u016bs\u0173 gimtas kaimas Dru\u017eais pavadintas,<br \/>\n\u010cia n\u0117ra paminkl\u0173 ar garsi\u0173 dvar\u0173,<br \/>\n\u017dydin\u010diais g\u0117lynais, sodais i\u0161dabintas,<br \/>\nGarsina j\u012f \u017emon\u0117s savo darb\u0161tumu.<\/p>\n<p>Pried.:<\/p>\n<p>Prie Baltijos kelio baltuojantis kaimas,<br \/>\ntai m\u016bs\u0173 gimtieji namu\u010diai, namai.<br \/>\nPro \u0161al\u012f va\u017eiuosit &#8211; nepasidid\u017eiuokit,<br \/>\nU\u017esukite, b\u016bsit brangiausi sve\u010diai.<\/p>\n<p>\u0160i\u010dia puikiai dera sodai ir uogynai,<br \/>\n\u012e aruodus byra gintarais gr\u016bdai,<br \/>\npuik\u016bs gaspadoriai visk\u0105 i\u0161augina,<br \/>\nauga \u010dia dar\u017eov\u0117s rapsai ir linai.<\/p>\n<p>Pried.:<\/p>\n<p>Kaimo rimt\u012f saugo kry\u017eius palei keli\u0105,<br \/>\nIr malda \u012f diev\u0105 mums nesvetima,<br \/>\no kai d\u017eiaugsmo varpas suskamba kr\u016btin\u0117j,<br \/>\nm\u016bs\u0173 kaimo kloniais vilnija daina.<\/p>\n<p>Pried.:<\/p>\n<p>Kai pakvimpa pievos medumi ir \u0161ienu,<br \/>\nKai pra\u017eysta ievom \u0160irvintos \u0161laitai,<br \/>\nsupranti koks mielas ir brangus \u0161is kaimas,<br \/>\nkaip ramu ir gera tau gyvent \u010dionai.<\/p>\n<p>Pried.:<\/p>\n","protected":false},"excerpt":{"rendered":"<p>Dru\u017e\u0173 kaimo himnas \u017dod\u017eiai : Virginos Bilotien\u0117s, muzika: Audron\u0117s Burakovien\u0117s M\u016bs\u0173 gimtas kaimas Dru\u017eais pavadintas, \u010cia n\u0117ra paminkl\u0173 ar garsi\u0173 dvar\u0173, \u017dydin\u010diais g\u0117lynais, sodais i\u0161dabintas, Garsina j\u012f \u017emon\u0117s savo darb\u0161tumu. Pried.: Prie Baltijos kelio baltuojantis kaimas, tai m\u016bs\u0173 gimtieji namu\u010diai, namai. Pro \u0161al\u012f va\u017eiuosit &#8211; nepasidid\u017eiuokit, U\u017esukite, b\u016bsit brangiausi sve\u010diai. \u0160i\u010dia puikiai dera sodai ir [&hellip;]<\/p>\n","protected":false},"author":2,"featured_media":0,"parent":96,"menu_order":5,"comment_status":"closed","ping_status":"closed","template":"","meta":[],"_links":{"self":[{"href":"http:\/\/druzai.lt\/index.php?rest_route=\/wp\/v2\/pages\/18"}],"collection":[{"href":"http:\/\/druzai.lt\/index.php?rest_route=\/wp\/v2\/pages"}],"about":[{"href":"http:\/\/druzai.lt\/index.php?rest_route=\/wp\/v2\/types\/page"}],"author":[{"embeddable":true,"href":"http:\/\/druzai.lt\/index.php?rest_route=\/wp\/v2\/users\/2"}],"replies":[{"embeddable":true,"href":"http:\/\/druzai.lt\/index.php?rest_route=%2Fwp%2Fv2%2Fcomments&post=18"}],"version-history":[{"count":12,"href":"http:\/\/druzai.lt\/index.php?rest_route=\/wp\/v2\/pages\/18\/revisions"}],"predecessor-version":[{"id":1596,"href":"http:\/\/druzai.lt\/index.php?rest_route=\/wp\/v2\/pages\/18\/revisions\/1596"}],"up":[{"embeddable":true,"href":"http:\/\/druzai.lt\/index.php?rest_route=\/wp\/v2\/pages\/96"}],"wp:attachment":[{"href":"http:\/\/druzai.lt\/index.php?rest_route=%2Fwp%2Fv2%2Fmedia&parent=18"}],"curies":[{"name":"wp","href":"https:\/\/api.w.org\/{rel}","templated":true}]}}