{"id":170,"date":"2013-07-11T12:29:38","date_gmt":"2013-07-11T12:29:38","guid":{"rendered":"http:\/\/druzai.sustok.lt\/?page_id=170"},"modified":"2020-11-01T19:01:37","modified_gmt":"2020-11-01T19:01:37","slug":"darzininkyste","status":"publish","type":"page","link":"http:\/\/druzai.lt\/?page_id=170","title":{"rendered":"Dar\u017eininkyst\u0117"},"content":{"rendered":"<p>Dru\u017e\u0173 kaime auginamos bulv\u0117s ir burok\u0117liai. \u012esigyti galite i\u0161 \u016bkinink\u0173 \u0160irvint\u0173 turgelyje.<\/p>\n","protected":false},"excerpt":{"rendered":"<p>Dru\u017e\u0173 kaime auginamos bulv\u0117s ir burok\u0117liai. \u012esigyti galite i\u0161 \u016bkinink\u0173 \u0160irvint\u0173 turgelyje.<\/p>\n","protected":false},"author":2,"featured_media":0,"parent":161,"menu_order":30,"comment_status":"closed","ping_status":"closed","template":"","meta":[],"_links":{"self":[{"href":"http:\/\/druzai.lt\/index.php?rest_route=\/wp\/v2\/pages\/170"}],"collection":[{"href":"http:\/\/druzai.lt\/index.php?rest_route=\/wp\/v2\/pages"}],"about":[{"href":"http:\/\/druzai.lt\/index.php?rest_route=\/wp\/v2\/types\/page"}],"author":[{"embeddable":true,"href":"http:\/\/druzai.lt\/index.php?rest_route=\/wp\/v2\/users\/2"}],"replies":[{"embeddable":true,"href":"http:\/\/druzai.lt\/index.php?rest_route=%2Fwp%2Fv2%2Fcomments&post=170"}],"version-history":[{"count":4,"href":"http:\/\/druzai.lt\/index.php?rest_route=\/wp\/v2\/pages\/170\/revisions"}],"predecessor-version":[{"id":1631,"href":"http:\/\/druzai.lt\/index.php?rest_route=\/wp\/v2\/pages\/170\/revisions\/1631"}],"up":[{"embeddable":true,"href":"http:\/\/druzai.lt\/index.php?rest_route=\/wp\/v2\/pages\/161"}],"wp:attachment":[{"href":"http:\/\/druzai.lt\/index.php?rest_route=%2Fwp%2Fv2%2Fmedia&parent=170"}],"curies":[{"name":"wp","href":"https:\/\/api.w.org\/{rel}","templated":true}]}}