{"id":161,"date":"2013-07-11T12:27:29","date_gmt":"2013-07-11T12:27:29","guid":{"rendered":"http:\/\/druzai.sustok.lt\/?page_id=161"},"modified":"2013-07-23T19:53:29","modified_gmt":"2013-07-23T19:53:29","slug":"verslas-ukininkai","status":"publish","type":"page","link":"http:\/\/druzai.lt\/?page_id=161","title":{"rendered":"Verslas, \u016bkininkai"},"content":{"rendered":"<p><a href=\"http:\/\/druzai.lt\/?page_id=164\">Staliaus darbai<\/a><\/p>\n<p><a href=\"http:\/\/druzai.lt\/?page_id=165\">Sodininkyst\u0117<\/a><\/p>\n<p><a href=\"http:\/\/druzai.lt\/?page_id=167\">Uogininkyst\u0117<\/a><\/p>\n<p><a href=\"http:\/\/druzai.lt\/?page_id=170\">Dar\u017eininkyst\u0117<\/a><\/p>\n<p><a href=\"http:\/\/druzai.lt\/?page_id=172\">Kaimo turizmas<\/a><\/p>\n","protected":false},"excerpt":{"rendered":"<p>Staliaus darbai Sodininkyst\u0117 Uogininkyst\u0117 Dar\u017eininkyst\u0117 Kaimo turizmas<\/p>\n","protected":false},"author":2,"featured_media":0,"parent":0,"menu_order":26,"comment_status":"closed","ping_status":"closed","template":"","meta":[],"_links":{"self":[{"href":"http:\/\/druzai.lt\/index.php?rest_route=\/wp\/v2\/pages\/161"}],"collection":[{"href":"http:\/\/druzai.lt\/index.php?rest_route=\/wp\/v2\/pages"}],"about":[{"href":"http:\/\/druzai.lt\/index.php?rest_route=\/wp\/v2\/types\/page"}],"author":[{"embeddable":true,"href":"http:\/\/druzai.lt\/index.php?rest_route=\/wp\/v2\/users\/2"}],"replies":[{"embeddable":true,"href":"http:\/\/druzai.lt\/index.php?rest_route=%2Fwp%2Fv2%2Fcomments&post=161"}],"version-history":[{"count":9,"href":"http:\/\/druzai.lt\/index.php?rest_route=\/wp\/v2\/pages\/161\/revisions"}],"predecessor-version":[{"id":1872,"href":"http:\/\/druzai.lt\/index.php?rest_route=\/wp\/v2\/pages\/161\/revisions\/1872"}],"wp:attachment":[{"href":"http:\/\/druzai.lt\/index.php?rest_route=%2Fwp%2Fv2%2Fmedia&parent=161"}],"curies":[{"name":"wp","href":"https:\/\/api.w.org\/{rel}","templated":true}]}}