{"id":16,"date":"2013-07-11T09:47:09","date_gmt":"2013-07-11T09:47:09","guid":{"rendered":"http:\/\/druzai.sustok.lt\/?page_id=16"},"modified":"2013-07-19T07:09:24","modified_gmt":"2013-07-19T07:09:24","slug":"leidiniai-apie-kaima","status":"publish","type":"page","link":"http:\/\/druzai.lt\/?page_id=16","title":{"rendered":"Leidiniai apie kaim\u0105"},"content":{"rendered":"<p>\u201c In patria natus non est propheta vocatus\u201c &#8211; niekas savo t\u0117vyn\u0117je gim\u0119s n\u0117ra laikomas prana\u0161u; plg. liet.Savam kra\u0161te prana\u0161u neb\u016bsi&#8230;<\/p>\n<p><strong>Su manim tu u\u017eaugai, \u010dia dabar gyvenu,<\/strong><br \/>\n<strong> Mano mylimas kaime, Tau \u0161i\u0105 dain\u0105 skiriu.<\/strong><br \/>\n<strong> \u0160irvinta \u010dia sruvena, o\u0161ia med\u017eiai \u017eali,<\/strong><br \/>\n<strong> Ir seniai \u010dia gyvena kaimo \u017emon\u0117s geri.<\/strong><\/p>\n<p><strong>\u010cia prie kelio priglud\u0119s Kaimo kry\u017eius tylus,<\/strong><br \/>\n<strong> Kad kiekvienas dru\u017eietis keli\u0105 rast\u0173 \u012f namus.<\/strong><br \/>\n<strong> Te skamb\u0117s kaimo vardas \u0161ioje mano dainoj &#8211;<\/strong><br \/>\n<strong> Nuostabus Dru\u017e\u0173 kaimas &#8211; jis \u0161irdyje manoj.<\/strong><\/p>\n","protected":false},"excerpt":{"rendered":"<p>\u201c In patria natus non est propheta vocatus\u201c &#8211; niekas savo t\u0117vyn\u0117je gim\u0119s n\u0117ra laikomas prana\u0161u; plg. liet.Savam kra\u0161te prana\u0161u neb\u016bsi&#8230; Su manim tu u\u017eaugai, \u010dia dabar gyvenu, Mano mylimas kaime, Tau \u0161i\u0105 dain\u0105 skiriu. \u0160irvinta \u010dia sruvena, o\u0161ia med\u017eiai \u017eali, Ir seniai \u010dia gyvena kaimo \u017emon\u0117s geri. \u010cia prie kelio priglud\u0119s Kaimo kry\u017eius tylus, [&hellip;]<\/p>\n","protected":false},"author":2,"featured_media":0,"parent":96,"menu_order":4,"comment_status":"closed","ping_status":"closed","template":"","meta":[],"_links":{"self":[{"href":"http:\/\/druzai.lt\/index.php?rest_route=\/wp\/v2\/pages\/16"}],"collection":[{"href":"http:\/\/druzai.lt\/index.php?rest_route=\/wp\/v2\/pages"}],"about":[{"href":"http:\/\/druzai.lt\/index.php?rest_route=\/wp\/v2\/types\/page"}],"author":[{"embeddable":true,"href":"http:\/\/druzai.lt\/index.php?rest_route=\/wp\/v2\/users\/2"}],"replies":[{"embeddable":true,"href":"http:\/\/druzai.lt\/index.php?rest_route=%2Fwp%2Fv2%2Fcomments&post=16"}],"version-history":[{"count":9,"href":"http:\/\/druzai.lt\/index.php?rest_route=\/wp\/v2\/pages\/16\/revisions"}],"predecessor-version":[{"id":286,"href":"http:\/\/druzai.lt\/index.php?rest_route=\/wp\/v2\/pages\/16\/revisions\/286"}],"up":[{"embeddable":true,"href":"http:\/\/druzai.lt\/index.php?rest_route=\/wp\/v2\/pages\/96"}],"wp:attachment":[{"href":"http:\/\/druzai.lt\/index.php?rest_route=%2Fwp%2Fv2%2Fmedia&parent=16"}],"curies":[{"name":"wp","href":"https:\/\/api.w.org\/{rel}","templated":true}]}}