{"id":131,"date":"2013-07-11T12:13:09","date_gmt":"2013-07-11T12:13:09","guid":{"rendered":"http:\/\/druzai.sustok.lt\/?page_id=131"},"modified":"2020-11-03T20:58:42","modified_gmt":"2020-11-03T20:58:42","slug":"2-parama","status":"publish","type":"page","link":"http:\/\/druzai.lt\/?page_id=131","title":{"rendered":"1,2% parama"},"content":{"rendered":"<p>Esame d\u0117kingi, kad skiriate param\u0105 Dru\u017e\u0173 kaimo bendruomenei.<\/p>\n<p>J\u016bs galite pad\u0117ti mums, skirdami 1,2 procento nuo sumok\u0117to pajam\u0173 mokes\u010dio. Tam tereikia u\u017epildyti paramos deklaracij\u0105, kuri\u0105 turite pateikti Valstybinei mokes\u010di\u0173 inspekcijai.<\/p>\n<p>M\u016bs\u0173 \u012fmon\u0117s kodas: 178321713.<\/p>\n<p>Kartu mes galime nuveikti daugiau!<\/p>\n","protected":false},"excerpt":{"rendered":"<p>Esame d\u0117kingi, kad skiriate param\u0105 Dru\u017e\u0173 kaimo bendruomenei. J\u016bs galite pad\u0117ti mums, skirdami 1,2 procento nuo sumok\u0117to pajam\u0173 mokes\u010dio. Tam tereikia u\u017epildyti paramos deklaracij\u0105, kuri\u0105 turite pateikti Valstybinei mokes\u010di\u0173 inspekcijai. M\u016bs\u0173 \u012fmon\u0117s kodas: 178321713. Kartu mes galime nuveikti daugiau!<\/p>\n","protected":false},"author":2,"featured_media":0,"parent":21,"menu_order":15,"comment_status":"closed","ping_status":"closed","template":"","meta":[],"_links":{"self":[{"href":"http:\/\/druzai.lt\/index.php?rest_route=\/wp\/v2\/pages\/131"}],"collection":[{"href":"http:\/\/druzai.lt\/index.php?rest_route=\/wp\/v2\/pages"}],"about":[{"href":"http:\/\/druzai.lt\/index.php?rest_route=\/wp\/v2\/types\/page"}],"author":[{"embeddable":true,"href":"http:\/\/druzai.lt\/index.php?rest_route=\/wp\/v2\/users\/2"}],"replies":[{"embeddable":true,"href":"http:\/\/druzai.lt\/index.php?rest_route=%2Fwp%2Fv2%2Fcomments&post=131"}],"version-history":[{"count":7,"href":"http:\/\/druzai.lt\/index.php?rest_route=\/wp\/v2\/pages\/131\/revisions"}],"predecessor-version":[{"id":1600,"href":"http:\/\/druzai.lt\/index.php?rest_route=\/wp\/v2\/pages\/131\/revisions\/1600"}],"up":[{"embeddable":true,"href":"http:\/\/druzai.lt\/index.php?rest_route=\/wp\/v2\/pages\/21"}],"wp:attachment":[{"href":"http:\/\/druzai.lt\/index.php?rest_route=%2Fwp%2Fv2%2Fmedia&parent=131"}],"curies":[{"name":"wp","href":"https:\/\/api.w.org\/{rel}","templated":true}]}}