{"id":128,"date":"2013-07-11T12:12:40","date_gmt":"2013-07-11T12:12:40","guid":{"rendered":"http:\/\/druzai.sustok.lt\/?page_id=128"},"modified":"2013-10-01T19:46:05","modified_gmt":"2013-10-01T19:46:05","slug":"viesieji-pirkimai","status":"publish","type":"page","link":"http:\/\/druzai.lt\/?page_id=128","title":{"rendered":"Vie\u0161ieji pirkimai"},"content":{"rendered":"<p>Dru\u017e\u0173 vie\u0161\u0173j\u0173 pirkim\u0173 taisykl\u0117s : rasite \u010dia: <a href=\"http:\/\/druzai.lt\/wp-content\/uploads\/2013\/07\/VPTtaisykle2013.doc\">VPTtaisykles2013<\/a><\/p>\n","protected":false},"excerpt":{"rendered":"<p>Dru\u017e\u0173 vie\u0161\u0173j\u0173 pirkim\u0173 taisykl\u0117s : rasite \u010dia: VPTtaisykles2013<\/p>\n","protected":false},"author":2,"featured_media":0,"parent":21,"menu_order":14,"comment_status":"closed","ping_status":"closed","template":"","meta":[],"_links":{"self":[{"href":"http:\/\/druzai.lt\/index.php?rest_route=\/wp\/v2\/pages\/128"}],"collection":[{"href":"http:\/\/druzai.lt\/index.php?rest_route=\/wp\/v2\/pages"}],"about":[{"href":"http:\/\/druzai.lt\/index.php?rest_route=\/wp\/v2\/types\/page"}],"author":[{"embeddable":true,"href":"http:\/\/druzai.lt\/index.php?rest_route=\/wp\/v2\/users\/2"}],"replies":[{"embeddable":true,"href":"http:\/\/druzai.lt\/index.php?rest_route=%2Fwp%2Fv2%2Fcomments&post=128"}],"version-history":[{"count":5,"href":"http:\/\/druzai.lt\/index.php?rest_route=\/wp\/v2\/pages\/128\/revisions"}],"predecessor-version":[{"id":1597,"href":"http:\/\/druzai.lt\/index.php?rest_route=\/wp\/v2\/pages\/128\/revisions\/1597"}],"up":[{"embeddable":true,"href":"http:\/\/druzai.lt\/index.php?rest_route=\/wp\/v2\/pages\/21"}],"wp:attachment":[{"href":"http:\/\/druzai.lt\/index.php?rest_route=%2Fwp%2Fv2%2Fmedia&parent=128"}],"curies":[{"name":"wp","href":"https:\/\/api.w.org\/{rel}","templated":true}]}}